{"id":9,"date":"2008-06-18T01:54:11","date_gmt":"2008-06-17T23:54:11","guid":{"rendered":"http:\/\/desmilitaritzem.blog.pangea.org\/?page_id=9"},"modified":"2026-04-30T19:04:34","modified_gmt":"2026-04-30T17:04:34","slug":"participen","status":"publish","type":"page","link":"https:\/\/desmilitaritzem.blog.pangea.org\/ca\/qui-som\/","title":{"rendered":"Qui som?"},"content":{"rendered":"<p><strong>La campanya Desmilitaritzem l\u2019Educaci\u00f3 est\u00e0 formada per\u00a0mes de vuitanta\u00a0<a href=\"http:\/\/desmilitaritzem.blog.pangea.org\/participen\/qui-participa\/\" target=\"_self\">entitats<\/a> vinculades al foment de la Pau i a l\u2019educaci\u00f3.<\/strong><\/p>\n<p><strong>El principal objectiu de la campanya \u00e9s denunciar la creixent pres\u00e8ncia de l\u2019ex\u00e8rcit en espais educatius, tant formals com informals i no formals.<\/strong><\/p>\n<p>Diverses entitats vinculades al foment de la Pau i l\u2019educaci\u00f3 hem creat la Campanya Desmilitaritzem l\u2019Educaci\u00f3 amb l\u2019objectiu d\u2019impedir la pres\u00e8ncia de les institucions militars i els seus valors en els espais educatius.<\/p>\n<p>Sota el lema \u201cLes armes no eduquen, les armes maten\u201d volem manifestar el nostre desacord en la progressiva militaritzaci\u00f3 de determinats espais p\u00fablics.<\/p>\n<p>Des del convenciment que la missi\u00f3 de les institucions i els agents educatius \u00e9s el foment de la cultura, la ci\u00e8ncia i els valors de la conviv\u00e8ncia i la diversitat, creiem que ex\u00e8rcit i educaci\u00f3 s\u00f3n conceptes manifestament antag\u00f2nics.<\/p>\n<p>Quins valors educatius transmeten els ex\u00e8rcits? Quins s\u00f3n els veritables interessos que hi ha darrera de les seves funcions \u201chumanit\u00e0ries i solid\u00e0ries\u201d?<a title=\"CC vitelone\" href=\"http:\/\/www.flickr.com\/people\/vitelone\/\" target=\"_blank\" rel=\"noopener\"><img loading=\"lazy\" decoding=\"async\" class=\"alignright lazy entered loaded\" src=\"http:\/\/farm1.static.flickr.com\/48\/168378489_0014616cfe_b.jpg\" alt=\"\" width=\"185\" height=\"276\" data-src=\"http:\/\/farm1.static.flickr.com\/48\/168378489_0014616cfe_b.jpg\" data-ll-status=\"loaded\" \/><\/a><\/p>\n<p>Quina educaci\u00f3 per a la ciutadania es fomenta des d\u2019una cultura de la defensa, avalada pel Ministeri d\u2019Exteriors i pel Ministeri de Defensa?<\/p>\n<p>Ens preguntem si s\u2019adoptaran les mesures coherents amb la pol\u00edtica educativa pels valors de la pau i de la noviol\u00e8ncia del govern catal\u00e0 en la qual l\u2019Educaci\u00f3 per la Pau i la Coeducaci\u00f3 siguin elements fonamentals\u00a0 dins dels curr\u00edculums educatius.<\/p>\n<p>Volem educar sense viol\u00e8ncia!<\/p>\n<h2><strong>Les armes no eduquen, les armes maten<\/strong><\/h2>\n<p><\/p>","protected":false},"excerpt":{"rendered":"<p>La campanya Desmilitaritzem l\u2019Educaci\u00f3 est\u00e0 formada per\u00a0mes de vuitanta\u00a0entitats vinculades al foment de la Pau i a l\u2019educaci\u00f3. El principal objectiu de la campanya \u00e9s denunciar la creixent pres\u00e8ncia de l\u2019ex\u00e8rcit en espais educatius, tant formals com informals i no formals. Diverses entitats vinculades al foment de la Pau i l\u2019educaci\u00f3 hem creat la Campanya&hellip;&nbsp;<a href=\"https:\/\/desmilitaritzem.blog.pangea.org\/ca\/qui-som\/\" rel=\"bookmark\">Read More &raquo;<span class=\"screen-reader-text\">Qui som?<\/span><\/a><\/p>\n","protected":false},"author":27,"featured_media":0,"parent":0,"menu_order":1,"comment_status":"closed","ping_status":"open","template":"","meta":{"neve_meta_sidebar":"","neve_meta_container":"","neve_meta_enable_content_width":"off","neve_meta_content_width":100,"neve_meta_title_alignment":"","neve_meta_author_avatar":"","neve_post_elements_order":"","neve_meta_disable_header":"","neve_meta_disable_footer":"","neve_meta_disable_title":"","jetpack_post_was_ever_published":false,"footnotes":""},"class_list":["post-9","page","type-page","status-publish","hentry"],"jetpack_sharing_enabled":true,"jetpack_shortlink":"https:\/\/wp.me\/P1W1mN-9","jetpack-related-posts":[],"_links":{"self":[{"href":"https:\/\/desmilitaritzem.blog.pangea.org\/ca\/wp-json\/wp\/v2\/pages\/9","targetHints":{"allow":["GET"]}}],"collection":[{"href":"https:\/\/desmilitaritzem.blog.pangea.org\/ca\/wp-json\/wp\/v2\/pages"}],"about":[{"href":"https:\/\/desmilitaritzem.blog.pangea.org\/ca\/wp-json\/wp\/v2\/types\/page"}],"author":[{"embeddable":true,"href":"https:\/\/desmilitaritzem.blog.pangea.org\/ca\/wp-json\/wp\/v2\/users\/27"}],"replies":[{"embeddable":true,"href":"https:\/\/desmilitaritzem.blog.pangea.org\/ca\/wp-json\/wp\/v2\/comments?post=9"}],"version-history":[{"count":32,"href":"https:\/\/desmilitaritzem.blog.pangea.org\/ca\/wp-json\/wp\/v2\/pages\/9\/revisions"}],"predecessor-version":[{"id":3702,"href":"https:\/\/desmilitaritzem.blog.pangea.org\/ca\/wp-json\/wp\/v2\/pages\/9\/revisions\/3702"}],"wp:attachment":[{"href":"https:\/\/desmilitaritzem.blog.pangea.org\/ca\/wp-json\/wp\/v2\/media?parent=9"}],"curies":[{"name":"wp","href":"https:\/\/api.w.org\/{rel}","templated":true}]}}

<p><strong>La campanya Desmilitaritzem l’Educació està formada per mes de vuitanta <a href="http://desmilitaritzem.blog.pangea.org/participen/qui-participa/" target="_self">entitats</a> vinculades al foment de la Pau i a l’educació.</strong></p>
<p><strong>El principal objectiu de la campanya és denunciar la creixent presència de l’exèrcit en espais educatius, tant formals com informals i no formals.</strong></p>
<p>Diverses entitats vinculades al foment de la Pau i l’educació hem creat la Campanya Desmilitaritzem l’Educació amb l’objectiu d’impedir la presència de les institucions militars i els seus valors en els espais educatius.</p>
<p>Sota el lema “Les armes no eduquen, les armes maten” volem manifestar el nostre desacord en la progressiva militarització de determinats espais públics.</p>
<p>Des del convenciment que la missió de les institucions i els agents educatius és el foment de la cultura, la ciència i els valors de la convivència i la diversitat, creiem que exèrcit i educació són conceptes manifestament antagònics.</p>
<p>Quins valors educatius transmeten els exèrcits? Quins són els veritables interessos que hi ha darrera de les seves funcions “humanitàries i solidàries”?<a title="CC vitelone" href="http://www.flickr.com/people/vitelone/" target="_blank" rel="noopener"><img loading="lazy" decoding="async" class="alignright lazy entered loaded" src="http://farm1.static.flickr.com/48/168378489_0014616cfe_b.jpg" alt="" width="185" height="276" data-src="http://farm1.static.flickr.com/48/168378489_0014616cfe_b.jpg" data-ll-status="loaded" /></a></p>
<p>Quina educació per a la ciutadania es fomenta des d’una cultura de la defensa, avalada pel Ministeri d’Exteriors i pel Ministeri de Defensa?</p>
<p>Ens preguntem si s’adoptaran les mesures coherents amb la política educativa pels valors de la pau i de la noviolència del govern català en la qual l’Educació per la Pau i la Coeducació siguin elements fonamentals  dins dels currículums educatius.</p>
<p>Volem educar sense violència!</p>
<h2><strong>Les armes no eduquen, les armes maten</strong></h2>
<p></p>

<p>La campanya Desmilitaritzem l’Educació està formada per mes de vuitanta entitats vinculades al foment de la Pau i a l’educació. El principal objectiu de la campanya és denunciar la creixent presència de l’exèrcit en espais educatius, tant formals com informals i no formals. Diverses entitats vinculades al foment de la Pau i l’educació hem creat la Campanya&hellip;&nbsp;<a href="https://desmilitaritzem.blog.pangea.org/ca/qui-som/" rel="bookmark">Read More &raquo;<span class="screen-reader-text">Qui som?</span></a></p>
